662. What is the units digit of t?
1
Let w = 62 + -113. Let m be -6 + 1746/(-26) + (-2)/(-13). Let p = w - m. What is the tens digit of p?
2
Let k(b) be the first derivative of b**4/4 - b**3/3 + b**2 + 229*b - 19. What is the units digit of k(0)?
9
Let n(b) = -4*b - 2. Let q be n(-2). Suppose 2*d + q*d = -344. Let j = d - -99. What is the tens digit of j?
5
Let i = 191 - 69. What is the hundreds digit of i?
1
Let f be (-103)/3 - 64/(-48). Let o = 39 + f. Suppose t + 25 = o*t. What is the units digit of t?
5
Suppose -4*f + 5556 - 56 = 0. Let n be (-3)/(-9) + f/15. Let s = n - 66. What is the tens digit of s?
2
Let p(j) = -10 - 7 + 19 + 27*j. Let d = -1 + 2. What is the units digit of p(d)?
9
Let b = -1063 - -1088. What is the units digit of b?
5
Let a = 27 - 25. Suppose 2*q - 4*o + 13 = -9*o, -2*q - 8 = 4*o. Let u = q - a. What is the units digit of u?
4
Suppose -3*j + 2*j = i + 13, 3*j + 65 = -5*i. Let y(f) = f + 16. Let l be y(i). Suppose -l*b + 147 = -5*a, 2*b + 2*b = -a + 173. What is the tens digit of b?
4
Suppose -22*v + 21*v = -969. What is the tens digit of v?
6
Suppose 3*y + 23 = -7. Let x be (y/25)/(2/(-10)). Suppose -3*f - x*t + 1 = -2, 0 = -5*f + 2*t + 5. What is the units digit of f?
1
Let s(w) = w + 139. What is the hundreds digit of s(-32)?
1
Let l = -961 + 1344. What is the hundreds digit of l?
3
Let p(c) = -c + 9. Let v be p(7). Suppose -v*x + 287 = 111. What is the tens digit of x?
8
Let d(l) = 0*l + 3*l - 1 + 2*l**2 + 49*l**2. What is the tens digit of d(1)?
5
Suppose 4*g - 41 = 5*f + 18, -63 = -4*g + f. What is the units digit of 70 + (g/4 - 3)?
1
Let j = 59 - 58. What is the units digit of (16 + -25)*(-6 - 1/j)?
3
Let v be 22/(-8)*(-14 - 6). Suppose 2*y = -v + 243. What is the tens digit of y?
9
Suppose -3*l + 144 = 3*j, -l + 54 = j + 3*j. Suppose 0 = -47*f + l*f - 30. Let o = f - -38. What is the units digit of o?
8
Let j(a) = 5*a + 2. Let b be j(1). Let x(r) = r + 2. Let t(p) = p + 2. Let m(q) = -4*t(q) + 5*x(q). What is the units digit of m(b)?
9
Let b(i) = i + 7. Let v(o) = 3*o + 14. Let h(s) = 5*b(s) - 2*v(s). Let q be h(2). Suppose q*j = 7*j - 18. What is the units digit of j?
9
Let m(j) = -4*j - 4. Let q be m(-2). Suppose 3*h - 3*f = 936, -5*f = 8*h - q*h - 1221. What is the hundreds digit of h?
3
Let n(r) = 4*r**3 - r**2 + 3*r + 4. Let z = -7 + 10. Let u be n(z). Suppose -3*h + u = h. What is the tens digit of h?
2
Suppose -5*q = -2*q + 2*p - 44, 4*p + 56 = 2*q. What is the units digit of q?
8
Suppose r - 4*r = -12. What is the units digit of 66 + r*(-4 + 3)?
2
Suppose 3*p - 4*p + 7 = 0. Suppose -p*b + 4*b - 5*u = -229, -223 = -3*b - 2*u. What is the units digit of b?
3
Let i(f) = -28*f - 54*f + 6 - 28*f - 58*f. What is the tens digit of i(-1)?
7
Suppose 0 = -3*b - 3*b + 23004. What is the hundreds digit of (2/(-3))/(-4 - (-15324)/b)?
2
Suppose 0 = -27*j - 9*j + 33444. What is the tens digit of j?
2
Let c(h) = 109*h**2 - 26*h - 26. What is the tens digit of c(5)?
6
Let s(w) = w**2 + 226. Let x be s(0). Let n = 233 + x. What is the units digit of (-3)/2 - n/(-18)?
4
What is the thousands digit of ((-2500)/(-3))/(80/120)?
1
Let r = 227 - -321. What is the hundreds digit of r?
5
Let b = 606 + -280. Suppose 4*u - u - 496 = -4*t, -2*u + 2*t = -b. What is the tens digit of u?
6
Let m(d) = d**3 - 5*d**2 - 4*d + 5. Let s be m(6). Let q = s + -2. Suppose -q = -p - 4*n, 3*p = 3*n - 1 + 31. What is the units digit of p?
1
Suppose 154*b - 7815 = 149*b. What is the units digit of b?
3
Suppose 8*k - 104 - 40 = 0. Suppose -k*x = -22*x + 256. What is the tens digit of x?
6
Let x(f) = -f. Let n be x(-5). Suppose -q = -n*q + 16. Suppose q*p + 45 = 137. What is the units digit of p?
3
Let m(h) = 39*h**2 + h + 26. What is the tens digit of m(8)?
3
Let s = 4380 - 2426. What is the thousands digit of s?
1
Let p(w) = 3*w**2 - 16*w + 26. What is the hundreds digit of p(12)?
2
Suppose 422 = 4*g - 550. Suppose 4*c - 12 = 0, -4*q + 3*c - 4*c + g = 0. Suppose 0 = 2*w - 7*w + q. What is the units digit of w?
2
Let l(q) = q**3 - 11*q**2 + q - 9. Let u be l(11). Suppose 0*v - 8 = -u*v. What is the units digit of 176/6 - v/(-6)?
0
Let b be -1 + 490 - (-4 - -4). Suppose 3*f + 4*l + 276 = 0, -5*f - b = 4*l - 7*l. Let a = -68 - f. What is the units digit of a?
8
Suppose 5*a - 4*k + 3*k - 385 = 0, 4*k = -20. Suppose 0 = -14*u + 18*u - a. What is the units digit of u?
9
Suppose 0 = 55*z - 50*z - 1100. What is the hundreds digit of z?
2
Let l = 23 + -15. Suppose -l*f + 15 = -5*f. What is the units digit of f?
5
Let n = 763 - -722. What is the thousands digit of n?
1
Suppose 7*q = 3976 + 2436. What is the hundreds digit of q?
9
Let f = -8 + 6. Let b(y) = -3*y**3 + 3*y**2 + 6*y + 6. What is the tens digit of b(f)?
3
Suppose 0 = -5*v - 6 + 21. Suppose 2*s - 7*s = 3*u - 261, v*u = 2*s + 261. What is the tens digit of u?
8
Suppose -2*z + 17 = -23. Suppose -z = -2*m - 3*m. Suppose -2 = -o + m. What is the units digit of o?
6
Let k(l) = -l**3 + 9*l**2 + 23*l - 6. Let j be k(11). What is the units digit of 127 + j + 1/1?
3
Let b(x) = 4*x**2 - 30*x - 4. What is the units digit of b(22)?
2
Let s(b) = -13 - 6*b + 9*b + 51. Let j(z) = 4*z + 20. Let d be j(-5). What is the tens digit of s(d)?
3
Let w = 841 + -38. Suppose 5*n = o - 159, 3*n + 236 = -4*o + w. What is the units digit of o?
4
Suppose 4452 = 4*f + t + 4*t, -2*f + 2*t = -2226. What is the hundreds digit of f?
1
Suppose o + 2241 = 2*h, 11*h = 16*h + 5*o - 5640. What is the tens digit of h?
2
Let k = -33 + 33. Suppose k*d - 2*d + 288 = 0. What is the units digit of d?
4
Let k = -1 + 6. Suppose -h + 3*c = 8, 0 = k*h + 4*c + c - 40. Let r = 3 + h. What is the units digit of r?
7
Suppose i - 606 = -3*n + 1469, 3*i + 2091 = 3*n. What is the units digit of n?
3
Let p(c) = -12*c**2 + c. Let u be p(-1). Let d(r) = r + 12. Let g be d(u). What is the units digit of (3/9)/(g/(-15))?
5
Let u = 1669 + -1591. What is the tens digit of u?
7
Let h(j) = 18*j + 21. Let b(s) = -5 - 3 - 3 - 9*s. Let x(l) = 5*b(l) + 3*h(l). What is the tens digit of x(5)?
5
Suppose 2*q - 5*s = 18, -1 = -3*s - 7. Let f(t) = t**3 - 4*t**2 + 2*t - 2. Let n be f(q). Let u(b) = b**3 - 5*b**2 + b - 7. What is the tens digit of u(n)?
3
Suppose -16*m = m. Suppose 4*v - 193 - 487 = m. What is the hundreds digit of v?
1
Let b(f) be the first derivative of 8 + 9*f + 5*f**2 - 1/3*f**3. What is the tens digit of b(9)?
1
Let g be (-50)/(-20)*(-24)/(-10). Suppose 3*x + 0*x + g = 2*v, -v - 3*x + 3 = 0. Suppose 2*p + 1 = v*n + 57, 0 = 3*p + n - 84. What is the units digit of p?
8
Suppose 15 = -2*x + 2*t + 99, 3*x + t = 138. Let l(h) = 36*h - 4. Let v be l(3). Let r = v - x. What is the units digit of r?
9
Let c = 7 + -12. Let n be (-2 + -2 - c)*-110. What is the units digit of (-6)/(-18) + n/(-3)?
7
Let f(w) = w + 13. Let y be f(-10). Suppose -4*a - 308 = -4*j, 0 = j - y*a - 21 - 66. What is the units digit of j?
2
Let i be ((-8)/4)/(3/(-6)). Suppose 0 = -6*f + f - 2*k + 4, -k = -i*f + 11. Suppose -4*p + 75 = 7*r - f*r, 5*r + p = 90. What is the units digit of r?
9
Suppose -2*j + 38 = 2*m, -33 = -3*m + m - j. Let c(s) = -11 - 2*s + 2*s**2 + 18 + m*s**3 - 6. What is the tens digit of c(1)?
1
Let h = -296 + 653. What is the hundreds digit of h?
3
Let k be (-55)/3 - 14/(-42). What is the units digit of (k/21)/((-6)/378)?
4
Let z = -33 - -165. Suppose -w + 5*l = l - 69, z = 3*w + 3*l. What is the units digit of w?
9
Suppose -3409 + 1101 = -4*z - 4*v, 3*v = -3. What is the hundreds digit of z?
5
Suppose 4*y - 9 = 23. Let r(x) = -x**3 + 12*x**2 - 2*x - 6. Let g be r(y). What is the units digit of g/8 + (-12)/48?
9
Suppose 0*p = 3*p - 6. Suppose -33 = -p*q + 195. What is the tens digit of q?
1
Suppose 3*o + 2*p = 1099, 90 = o + 4*p - 273. What is the tens digit of o?
6
Let h(x) = -x**3 - 8*x**2 - 9*x - 8. Let m be h(-6). Let o = m + 16. What is the units digit of ((-19)/(-2))/(o/(-20))?
9
Suppose 4*p - u - 2*u = 27, 0 = -3*p - 4*u + 14. Let n be (-2)/(-4)*(5 - 1). Suppose 0 = -5*f + p*f - n. What is the units digit of f?
2
Let v = 30 + -30. Suppose 3 = q - v. What is the units digit of q?
3
Suppose s - 345 = -4*y, 4*s + 116 + 52 = 2*y. Let l = y + -48. What is the tens digit of l?
3
Let v be ((-12)/9)/((-12)/666). Suppose -v = -3*s + 130. What is the tens digit 